{"id":133,"date":"2018-11-24T00:20:59","date_gmt":"2018-11-23T22:20:59","guid":{"rendered":"http:\/\/612.fi\/?page_id=133"},"modified":"2019-12-05T12:58:46","modified_gmt":"2019-12-05T10:58:46","slug":"2018-2","status":"publish","type":"page","link":"https:\/\/612.fi\/?page_id=133","title":{"rendered":"2018"},"content":{"rendered":"<div id=\"pl-133\"  class=\"panel-layout\" ><div id=\"pg-133-0\"  class=\"panel-grid panel-no-style\" ><div id=\"pgc-133-0-0\"  class=\"panel-grid-cell\" ><div id=\"panel-133-0-0-0\" class=\"so-panel widget widget_text panel-first-child\" data-index=\"0\" ><h3 class=\"widget-title\">Tiedote<\/h3>\t\t\t<div class=\"textwidget\"><p><strong>612.fi-yhdistys j\u00e4rjest\u00e4\u00e4 edellisien vuosien tapaan my\u00f6s t\u00e4n\u00e4 vuonna soihtukulkueen Helsingin Hietaniemen sankarihautausmaalle itsen\u00e4isyysp\u00e4iv\u00e4n\u00e4 6.12.2018 klo 18:30.<\/strong><\/p>\n<p>T\u00e4m\u00e4 vuosi on maamme itsen\u00e4isyyden sadas ja haluamme korostaa kansaamme vuonna 1918 jakaneen aseellisen tragedian sijaan sit\u00e4 kansallista yhten\u00e4isyytt\u00e4, josta talvisodan henki ja sotien j\u00e4lkeinen j\u00e4lleenrakennus saivat voimansa.<\/p>\n<p>Yhteiskunnallinen eriarvoistuminen ja poliittinen polarisaatio on ly\u00f6nyt kiilaa suomalaisten v\u00e4liin vaikka juuri ep\u00e4varmoina aikoina pienen kansan suurin voimavara on yhten\u00e4isyys.<\/p>\n<p>Korostamme edelleen yhdistyksen\u00e4 kansallista yhten\u00e4isyytt\u00e4 ja kutsumme kaikki itsens\u00e4 is\u00e4nmaallisiksi mielt\u00e4v\u00e4t suomalaiset j\u00e4lleen kerran mukaan osoittamaan hiljaisesti mielt\u00e4\u00e4n is\u00e4nmaan puolesta.<\/p>\n<p>Yhteishenki, eteen p\u00e4in katsominen, toistemme ja menneiden sukupolvien kunnioitus sek\u00e4 yhteen hiileen puhaltaminen ovat suomalaisia arvoja, joista on syyt\u00e4 pit\u00e4\u00e4 kiinni jatkossakin.<\/p>\n<p>Kulkue j\u00e4rjestet\u00e4\u00e4n perinteisesti t\u00e4n\u00e4kin vuonna.Tapahtuma ja siihen olennaisesti liittyv\u00e4 soihtukulkue ovat edelleen poliittisesti sitoutumattomia, eik\u00e4 yhdistys edusta mit\u00e4\u00e4n poliittista kantaa. J\u00e4tet\u00e4\u00e4n omat lokerot kotiin ja kuljetaan j\u00e4lleen kerran yhten\u00e4isen\u00e4 soihtukulkueena yhdess\u00e4 Suomen lipun takana.<\/p>\n<p>Poliittisten merkkien ja tunnusten esill\u00e4pit\u00e4minen ja k\u00e4ytt\u00e4minen tapahtumassa on edelleen kielletty. My\u00f6s kulkueen k\u00e4rjess\u00e4 liikkuva yhdistyksen asettama lippuairueen saattama Suomen lippu on ainoa sallittu banneri, viiri tai lippu.<\/p>\n<p>T\u00e4lt\u00e4 pohjalta toivotamme kaikki is\u00e4nmaalliset suomalaiset mukaan kunnioittamaan edellisten sukupolvien ty\u00f6t\u00e4 ja uhrauksia 6.12.2018.<\/p>\n<\/div>\n\t\t<\/div><div id=\"panel-133-0-0-1\" class=\"so-panel widget widget_text\" data-index=\"1\" ><h3 class=\"widget-title\">Osallistujapipo<\/h3>\t\t\t<div class=\"textwidget\"><div id=\"pipo\"><img decoding=\"async\" src=\"http:\/\/612.fi\/wp-content\/uploads\/2018\/11\/pipo.jpg\" \/><\/div>\n\nItsen\u00e4isyysp\u00e4iv\u00e4n 612-soihtukulkueen kannatustuote vuonna 2018. Musta villapipo, jossa 612-tunnus. Tuotto k\u00e4ytet\u00e4\u00e4n kokonaisuudessaan soihtujen hankkimisen ja muiden j\u00e4rjest\u00e4miskulujen kattamiseen.\n\nOsta omasi: <a href=\"https:\/\/kiuaskustannus.com\/products-page\/muut-tuotteet\/612-pipo\/\">612-pipoi<\/a>\n\n<\/div>\n\t\t<\/div><div id=\"panel-133-0-0-2\" class=\"so-panel widget\" data-index=\"2\" ><div class=\"panel-widget-style panel-widget-style-for-133-0-0-2\" ><\/div><\/div><div id=\"panel-133-0-0-3\" class=\"so-panel widget widget_moesia_video_widget moesia_video_widget_widget panel-last-child\" data-index=\"3\" ><h3 class=\"widget-title\">612.fi Vuoden 2016 Kulkue<\/h3><iframe loading=\"lazy\" title=\"612.fi Vuoden 2016 Kulkue\" width=\"1140\" height=\"641\" src=\"https:\/\/www.youtube.com\/embed\/hEDWgQlNkco?feature=oembed\" frameborder=\"0\" allow=\"accelerometer; autoplay; clipboard-write; encrypted-media; gyroscope; picture-in-picture; web-share\" referrerpolicy=\"strict-origin-when-cross-origin\" allowfullscreen><\/iframe><\/div><\/div><\/div><div id=\"pg-133-1\"  class=\"panel-grid panel-no-style\" ><div id=\"pgc-133-1-0\"  class=\"panel-grid-cell\" ><div id=\"panel-133-1-0-0\" class=\"so-panel widget widget_nav_menu panel-first-child panel-last-child\" data-index=\"4\" ><h3 class=\"widget-title\">Seuraa<\/h3>\t\t<div class=\"social-widget clearfix\">\r\n\t\t\t<div class=\"menu-some-container\"><ul id=\"menu-some\" class=\"menu clearfix\"><li id=\"menu-item-25\" class=\"menu-item menu-item-type-custom menu-item-object-custom menu-item-25\"><a href=\"https:\/\/www.facebook.com\/elakoonsuomi612\"><span class=\"screen-reader-text\">Facebook<\/span><\/a><\/li>\n<li id=\"menu-item-26\" class=\"menu-item menu-item-type-custom menu-item-object-custom menu-item-26\"><a href=\"https:\/\/twitter.com\/@612Fi\"><span class=\"screen-reader-text\">Twitter<\/span><\/a><\/li>\n<li id=\"menu-item-27\" class=\"menu-item menu-item-type-custom menu-item-object-custom menu-item-27\"><a href=\"http:\/\/612fi.tumblr.com\/\"><span class=\"screen-reader-text\">Tumblr<\/span><\/a><\/li>\n<li id=\"menu-item-28\" class=\"menu-item menu-item-type-custom menu-item-object-custom menu-item-28\"><a href=\"https:\/\/www.youtube.com\/channel\/UCQYO8ECH8tZr-zlBN-E-Pxg\"><span class=\"screen-reader-text\">Youtube<\/span><\/a><\/li>\n<\/ul><\/div>\t\t<\/div>\r\n\t\t\r\n\t\t<\/div><\/div><\/div><\/div>","protected":false},"excerpt":{"rendered":"<p>612.fi-yhdistys j\u00e4rjest\u00e4\u00e4 edellisien vuosien tapaan my\u00f6s t\u00e4n\u00e4 vuonna soihtukulkueen Helsingin Hietaniemen sankarihautausmaalle itsen\u00e4isyysp\u00e4iv\u00e4n\u00e4 6.12.2018 klo 18:30. T\u00e4m\u00e4 vuosi on maamme itsen\u00e4isyyden sadas ja haluamme korostaa kansaamme vuonna 1918 jakaneen aseellisen [&hellip;]<\/p>\n","protected":false},"author":1,"featured_media":0,"parent":0,"menu_order":0,"comment_status":"closed","ping_status":"closed","template":"","meta":{"footnotes":""},"_links":{"self":[{"href":"https:\/\/612.fi\/index.php?rest_route=\/wp\/v2\/pages\/133"}],"collection":[{"href":"https:\/\/612.fi\/index.php?rest_route=\/wp\/v2\/pages"}],"about":[{"href":"https:\/\/612.fi\/index.php?rest_route=\/wp\/v2\/types\/page"}],"author":[{"embeddable":true,"href":"https:\/\/612.fi\/index.php?rest_route=\/wp\/v2\/users\/1"}],"replies":[{"embeddable":true,"href":"https:\/\/612.fi\/index.php?rest_route=%2Fwp%2Fv2%2Fcomments&post=133"}],"version-history":[{"count":9,"href":"https:\/\/612.fi\/index.php?rest_route=\/wp\/v2\/pages\/133\/revisions"}],"predecessor-version":[{"id":163,"href":"https:\/\/612.fi\/index.php?rest_route=\/wp\/v2\/pages\/133\/revisions\/163"}],"wp:attachment":[{"href":"https:\/\/612.fi\/index.php?rest_route=%2Fwp%2Fv2%2Fmedia&parent=133"}],"curies":[{"name":"wp","href":"https:\/\/api.w.org\/{rel}","templated":true}]}}